of 3067.
3067
List the prime factors of 1128.
2, 3, 47
What are the prime factors of 27386?
2, 13693
What are the prime factors of 633?
3, 211
List the prime factors of 11228.
2, 7, 401
List the prime factors of 31226.
2, 13, 1201
What are the prime factors of 2925?
3, 5, 13
What are the prime factors of 8103?
3, 37, 73
What are the prime factors of 12396?
2, 3, 1033
What are the prime factors of 2766?
2, 3, 461
List the prime factors of 47.
47
What are the prime factors of 207?
3, 23
What are the prime factors of 777?
3, 7, 37
What are the prime factors of 10268?
2, 17, 151
What are the prime factors of 966?
2, 3, 7, 23
List the prime factors of 337.
337
What are the prime factors of 195?
3, 5, 13
List the prime factors of 2004.
2, 3, 167
What are the prime factors of 174260?
2, 5, 8713
What are the prime factors of 30378?
2, 3, 61, 83
List the prime factors of 45847.
19, 127
List the prime factors of 3696.
2, 3, 7, 11
What are the prime factors of 34126?
2, 113, 151
What are the prime factors of 43?
43
What are the prime factors of 58494?
2, 3, 9749
List the prime factors of 84862.
2, 151, 281
List the prime factors of 1164.
2, 3, 97
List the prime factors of 16384.
2
List the prime factors of 1355.
5, 271
List the prime factors of 6716.
2, 23, 73
What are the prime factors of 19128?
2, 3, 797
List the prime factors of 18150.
2, 3, 5, 11
List the prime factors of 70439.
70439
What are the prime factors of 17360?
2, 5, 7, 31
List the prime factors of 5799.
3, 1933
What are the prime factors of 1914?
2, 3, 11, 29
What are the prime factors of 47090?
2, 5, 17, 277
What are the prime factors of 53701?
83, 647
What are the prime factors of 20086?
2, 11, 83
List the prime factors of 6166.
2, 3083
List the prime factors of 7628.
2, 1907
List the prime factors of 1327.
1327
What are the prime factors of 26315?
5, 19, 277
What are the prime factors of 14595?
3, 5, 7, 139
What are the prime factors of 31721?
31721
List the prime factors of 26406.
2, 3, 163
List the prime factors of 66480.
2, 3, 5, 277
List the prime factors of 720.
2, 3, 5
What are the prime factors of 13467?
3, 67
List the prime factors of 1138.
2, 569
What are the prime factors of 93582?
2, 3, 1733
List the prime factors of 6480.
2, 3, 5
List the prime factors of 54435.
3, 5, 19, 191
List the prime factors of 2583.
3, 7, 41
What are the prime factors of 14011?
14011
What are the prime factors of 79102?
2, 39551
List the prime factors of 3112.
2, 389
What are the prime factors of 2506?
2, 7, 179
List the prime factors of 26340.
2, 3, 5, 439
What are the prime factors of 40551?
3, 7, 1931
List the prime factors of 32957.
32957
List the prime factors of 24690.
2, 3, 5, 823
List the prime factors of 106596.
2, 3, 7, 47
List the prime factors of 1684.
2, 421
List the prime factors of 5827.
5827
What are the prime factors of 14900?
2, 5, 149
What are the prime factors of 545?
5, 109
What are the prime factors of 116866?
2, 71, 823
What are the prime factors of 45171?
3, 7, 239
List the prime factors of 4475.
5, 179
List the prime factors of 3235.
5, 647
List the prime factors of 10075.
5, 13, 31
What are the prime factors of 2725?
5, 109
What are the prime factors of 2519?
11, 229
What are the prime factors of 22755?
3, 5, 37, 41
What are the prime factors of 475?
5, 19
What are the prime factors of 126?
2, 3, 7
What are the prime factors of 64403?
64403
What are the prime factors of 32520?
2, 3, 5, 271
List the prime factors of 2202.
2, 3, 367
List the prime factors of 975.
3, 5, 13
List the prime factors of 300.
2, 3, 5
What are the prime factors of 1267?
7, 181
What are the prime factors of 98046?
2, 3, 13, 419
What are the prime factors of 37926?
2, 3, 7, 43
List the prime factors of 133941.
3, 44647
List the prime factors of 14758.
2, 47, 157
List the prime factors of 1365.
3, 5, 7, 13
What are the prime factors of 4400?
2, 5, 11
List the prime factors of 21296.
2, 11
What are the prime factors of 61?
61
What are the prime factors of 4229?
4229
What are the prime factors of 3265?
5, 653
What are the prime factors of 2505?
3, 5, 167
What are the prime factors of 61559?
61559
What are the prime factors of 94824?
2, 3, 439
List the prime factors of 42685.
5, 8537
List the prime factors of 4490.
2, 5, 449
List the prime factors of 517.
11, 47
List the prime factors of 33479.
33479
List the prime factors of 4277.
7, 13, 47
List the prime factors of 1195.
5, 239
What are the prime factors of 52715?
5, 13, 811
List the prime factors of 3051.
3, 113
List the prime factors of 29603.
7, 4229
What are the prime factors of 197?
197
What are the prime factors of 37?
37
What are the prime factors of 28384?
2, 887
List the prime factors of 1109.
1109
List the prime factors of 99.
3, 11
What are the prime factors of 11?
11
List the prime factors of 75730.
2, 5, 7573
List the prime factors of 1392.
2, 3, 29
What are the prime factors of 68044?
2, 17011
What are the prime factors of 23492?
2, 7, 839
What are the prime factors of 515?
5, 103
List the prime factors of 1548.
2, 3, 43
List the prime factors of 15141.
3, 7, 103
What are the prime factors of 15836?
2, 37, 107
What are the prime factors of 464?
2, 29
What are the prime factors of 8864?
2, 277
What are the prime factors of 16423?
11, 1493
What are the prime factors of 5591?
5591
List the prime factors of 4409.
4409
What are the prime factors of 1765?
5, 353
List the prime factors of 115501.
19, 6079
List the prime factors of 2497.
11, 227
What are the prime factors of 2491?
47, 53
List the prime factors of 9467.
9467
List the prime factors of 715.
5, 11, 13
What are the prime factors of 316?
2, 79
What are the prime factors of 800?
2, 5
List the prime factors of 721.
7, 103
What are the prime factors of 11674?
2, 13, 449
List the prime factors of 1277.
1277
List the prime factors of 156406.
2, 78203
List the prime factors of 11223.
3, 29, 43
What are the prime factors of 14851?
14851
What are the prime factors of 1304?
2, 163
What are the prime factors of 7061?
23, 307
What are the prime factors of 8192?
2
List the prime factors of 2305.
5, 461
What are the prime factors of 428?
2, 107
List the prime factors of 19870.
2, 5, 1987
List the prime factors of 3341.
13, 257
What are the prime factors of 2901?
3, 967
List the prime factors of 2850.
2, 3, 5, 19
List the prime factors of 3016.
2, 13, 29
What are the prime factors of 3187?
3187
List the prime factors of 34075.
5, 29, 47
List the prime factors of 13428.
2, 3, 373
What are the prime factors of 58126?
2, 29063
List the prime factors of 2832.
2, 3, 59
What are the prime factors of 38603?
38603
List the prime factors of 100001.
11, 9091
What are the prime factors of 3176?
2, 397
List the prime factors of 1499.
1499
What are the prime factors of 34573?
7, 11, 449
List the prime factors of 3263.
13, 251
List the prime factors of 10009.
10009
What are the prime factors of 1858?
2, 929
What are the prime factors of 8387?
8387
List the prime factors of 43694.
2, 7, 3121
List the prime factors of 14188.
2, 3547
What are the prime factors of 584?
2, 73
List the prime factors of 3575.
5, 11, 13
List the prime factors of 711.
3, 79
List the prime factors of 2720.
2, 5, 17
List the prime factors of 1584.
2, 3, 11
What are the prime factors of 26031?
3, 8677
What are the prime factors of 194?
2, 97
What are the prime factors of 6705?
3, 5, 149
List the prime factors of 4912.
2, 307
What are the prime factors of 315?
3, 5, 7
What are the prime factors of 3554?
2, 1777
What are the prime factors of 1174?
2, 587
What are the prime factors of 20402?
2, 101
What are the prime factors of 5345?
5, 1069
What are the prime factors of 3068?
2, 13, 59
What are the prime factors of 5700?
2, 3, 5, 19
What are the prime factors of 21468?
2, 3, 1789
What are the prime factors of 13909?
7, 1987
What are the prime factors of 269?
269
List the prime factors of 99856.
2, 79
List the prime factors of 6126.
2, 3, 1021
What are the prime factors of 11042?
2, 5521
What are the prime factors of 31111?
53, 587
List the prime factors of 1559.
1559
List the prime factors of 22301.
29, 769
List the prime factors of 581.
7, 83
What are the prime factors of 2210?
2, 5, 13, 17
What are the prime factors of 72022?
2, 36011
List